, 5
Let d = 19 - 11. Let m(p) = p**3 - 7*p**2 - 7*p. List the prime factors of m(d).
2
Suppose 0 = -v - 4*r - 8, -5*r - 23 = -v - v. Suppose -2*h = 10, -2*n + v*n - h - 99 = 0. What are the prime factors of n?
47
Let q(s) = -s**3 + 7*s**2 + s - 2. What are the prime factors of q(6)?
2, 5
Let g be 68/6 - (-6)/9. Let v be 2/20*2 - 72/10. Let f = g + v. List the prime factors of f.
5
Let m be 5 + 1*(-2 + 1). Let y = 2 + -2. Suppose m*r - 48 = -y*r. What are the prime factors of r?
2, 3
Let f = 4 + -5. Let x(d) = -20*d + 2. What are the prime factors of x(f)?
2, 11
Let u = -11 - -4. Let w = u - -10. What are the prime factors of w?
3
Let z = -8 + 11. Suppose 4*f - 2*f + 22 = 2*p, 0 = -3*p - 3*f + z. What are the prime factors of p?
2, 3
Let w = -63 + 38. Let j = 66 + w. What are the prime factors of j?
41
Suppose o - 55 + 11 = 0. Suppose -p + o - 12 = 0. List the prime factors of p.
2
Let x be (2/5)/((-2)/(-10)). Suppose x*m + m = 21. What are the prime factors of m?
7
Let r = -7 - -4. Let p(z) = -z**3 + 4*z**2 - 4*z + 2. Let k(f) = -3*f**3 + 11*f**2 - 11*f + 6. Let l(q) = 6*k(q) - 17*p(q). What are the prime factors of l(r)?
5
Let o(h) = -9. Let b = 9 + -5. Let m(j) = -j - 9. Let i(t) = b*m(t) - 3*o(t). List the prime factors of i(-6).
3, 5
Let s = 70 + -20. What are the prime factors of s?
2, 5
Suppose h - 20 = 3*h. Let x(p) = p**3 + 11*p**2 + 10*p. Let f be x(h). Suppose v - 7 = -f. List the prime factors of v.
7
Suppose -12 = 2*t + 2*t. Let m(k) = -1. Let q(g) = 7*g - 5. Let o(j) = t*m(j) + q(j). List the prime factors of o(2).
2, 3
Let f(b) = -b**2 + 2*b + 3. Let x be f(0). Suppose -35 + 104 = x*g. What are the prime factors of g?
23
Let w be -2 - -4*(3 + -2). Suppose -w*g + 2*d + 20 = -0*g, 2*d - 10 = -4*g. What are the prime factors of g?
5
Let l(o) = -26*o**3 + 3*o**2 + 3*o + 2. What are the prime factors of l(-2)?
2, 3
Let p(u) = u + 9. Let h be p(-9). Suppose h = -5*f + 43 + 97. What are the prime factors of f?
2, 7
Let j = 1 + 112. List the prime factors of j.
113
What are the prime factors of 1 - (-320)/12*6?
7, 23
Let j = 18 + -8. Let z = j - -5. List the prime factors of z.
3, 5
Let w(t) = t + 2. Let m be w(0). Suppose -m*g + 47 - 13 = 0. Let i = g + -7. What are the prime factors of i?
2, 5
Let a(d) = -d**3 + 12*d**2 - 5*d + 10. What are the prime factors of a(7)?
2, 5, 11
Let b(i) = 3*i**2 - 3*i + 5. Let w(g) = 2*g**2 - 2*g + 4. Let t(c) = 3*b(c) - 4*w(c). Let o be t(0). List the prime factors of (-10 + -1 - o)*-1.
2, 5
Let i = 34 + -24. List the prime factors of i/35 + 19/7.
3
Let d(v) be the second derivative of v**5/120 + v**4/24 + v**3/2 - 2*v. Let g(x) be the second derivative of d(x). What are the prime factors of g(2)?
3
Let g(i) = i - 7. Let s be g(9). What are the prime factors of 81/6*1*s?
3
Let z(y) = 4*y**2 + 2*y - 2. What are the prime factors of z(2)?
2, 3
Let n = -5 - -3. What are the prime factors of (-24)/n - (0 + 2)?
2, 5
Let b(y) = -y**2 + 4*y + 388. List the prime factors of b(0).
2, 97
Suppose 2*t + 3*t + 5*s - 25 = 0, 4*t + 1 = 3*s. Let n(u) be the first derivative of 2*u**3/3 + u**2 - u + 3. List the prime factors of n(t).
11
Suppose 0 = -3*f - 4*r - 37, f + r + r = -13. Let t(m) = -m**2 - 12*m. List the prime factors of t(f).
11
Let k(n) = n**2 + 3*n - 1. Let t(f) = 14*f - 9*f - 13*f**2 + f**3 + 5*f**2 + 9. Let s be t(7). List the prime factors of k(s).
3
Let t(p) = -p**3 + 13*p**2 + 14*p + 4. Let l be t(14). Suppose -85 = -5*g - 5*z, l*z - 33 - 22 = -3*g. What are the prime factors of g?
13
Let q(z) = -z**2 + z - 6. Let x be q(0). Let i = x + 10. Suppose 0 = -3*s + i*g + 59, -5*s + 13 = 5*g - 62. What are the prime factors of s?
17
Let r(i) = i - 3. Let c be r(5). Suppose 5*z = 3*d - 15, 0 = d + 3*z - c - 3. Let t = d - 0. List the prime factors of t.
5
Suppose 3*s - 8 = -s. Let y be 1/8 + (-621)/(-24). Suppose 4*p = -3*l + s*p + y, -5*l - 2*p = -42. What are the prime factors of l?
2
Let u(w) = -2*w**2 - w + 1. Let y be u(1). Let x(h) = -h**3 + h + 1. Let n be x(y). Let c = n + -4. List the prime factors of c.
3
Suppose -6*n = -13*n + 273. What are the prime factors of n?
3, 13
Suppose 13 + 1 = 7*g. List the prime factors of g.
2
Let g(h) = h**2 - h + 3. Let i be g(0). Suppose 2 = -i*n + 11. Suppose 4*q - 6 = n*q. What are the prime factors of q?
2, 3
Let h(n) = 21*n - 3. What are the prime factors of h(5)?
2, 3, 17
Suppose -3*w = -3*y + 13 + 2, 4*y = 5*w + 24. Let b = 13 + y. List the prime factors of b.
2, 7
Let p = 17 + -16. What are the prime factors of (-1*(-78)/3)/p?
2, 13
Let o = -7 - -5. What are the prime factors of o/(-3) - (-776)/24?
3, 11
Let f = 43 - 18. Suppose 2*d = r + 29, 0*d - 2*d = -5*r - f. What are the prime factors of d?
3, 5
Let o be (2 - 1)/(2/(-4)). Let r = -11 + 6. Let n = o - r. List the prime factors of n.
3
Let t(c) = 24*c**2 - 1. Suppose 4*i - 4*z - 10 = 2*i, 2*z + 2 = -2*i. List the prime factors of t(i).
23
Let i be 13/(-2) - (-2)/4. Let a(f) = -f**3 - 7*f**2 - 7*f + 8. What are the prime factors of a(i)?
2, 7
Let s = 39 + -16. Suppose 4*v = 3*v + s. List the prime factors of v.
23
Let n(h) = -h - 5. Let j(w) = -5*w - 24. Let z(a) = 2*j(a) - 11*n(a). Let f be z(-6). List the prime factors of f*2 - (-9)/3.
5
Let u = -3 - -5. Suppose -u*z + 5*z + 45 = 5*m, 5*z = -m - 19. What are the prime factors of 64/m - 4/6?
2, 5
Let p = 0 - 0. Suppose -2*y + 2 = 0, 5*y = -p*w - 2*w + 27. List the prime factors of w.
11
Let m(a) = -2*a**3 - a**2 - 2. Let t be m(-2). Let z = t + 26. What are the prime factors of z?
2, 3
Suppose 5*r - 10 = 30. Suppose 5*i - r = 3*i. Suppose -z = a - 3, -5*a - 25 = -i*z + z. What are the prime factors of z?
5
Let r(k) = 2*k**2 - 4*k + 4. List the prime factors of r(2).
2
Suppose w = 4 - 0. Let i(f) = 3*f + 2 + f - f**2 + 3. What are the prime factors of i(w)?
5
Let x be (60/(-16))/(2/(-8)). Let k(i) = -4*i**3 + 2*i**2 + i. Let u be k(-1). Suppose -t + q = -x, t + u*q - 27 = 12. What are the prime factors of t?
19
Suppose 0 = -0*d - 5*d + 75. What are the prime factors of ((-4)/(-10))/(1/d)?
2, 3
Let b = 3 - 3. Suppose b = w + 5*o - 1, 3*w + 2*w + 21 = o. Let d = w - -9. What are the prime factors of d?
5
List the prime factors of (60 - (-12)/(-3))/2.
2, 7
Let q = 39 + -24. What are the prime factors of q?
3, 5
Let t(h) = 36*h**3 + h - 1. What are the prime factors of t(1)?
2, 3
Suppose 5*j = -2 + 42. Suppose 3*b - b - j = 0. Suppose -2*f + 5*p + 0 = -11, 46 = b*f - 2*p. List the prime factors of f.
13
Suppose 0*h + h + 1 = -b, 5*b + 2 = -4*h. What are the prime factors of 0 + -36*2/h?
2, 3
Suppose 0 = 4*r + 3*g - 1115, 2*r + 4*g = -0*r + 550. List the prime factors of r.
281
Suppose 6 = 3*p - 0, 2*c - 62 = -3*p. List the prime factors of c.
2, 7
Let c(l) = -l**3 - 3*l + l**2 + 0*l**3 + 4 + 3*l**2. Let a be c(3). What are the prime factors of -4 + a - 12/(-2)?
2, 3
Let q(v) = 3*v + 5. Let s be q(6). Let x = s + -15. List the prime factors of x.
2
Let g(w) = -w**3 - 8*w**2 - w + 8. Suppose -x - 16 = x. What are the prime factors of g(x)?
2
Suppose 4*u + n = -57, 3*u + 29 + 10 = 3*n. Let o = u + 25. List the prime factors of o.
11
Let n = 111 + -26. List the prime factors of n.
5, 17
Suppose 19 = 4*o + 3. Suppose 3*r + 22 = 5*p - 43, o*p + 3*r - 25 = 0. List the prime factors of p.
2, 5
Suppose 0 = 11*d - 7*d - 532. What are the prime factors of d?
7, 19
Let p be (-23)/(-4) + (-5)/(-20). Let s(c) = c**2 - 4*c + 6. List the prime factors of s(p).
2, 3
Suppose -2*p - l + 3 = 4, 0 = 2*p - 5*l - 29. Suppose 36 = p*m + j, -5*m + 0 + 97 = -j. List the prime factors of m.
19
Let m(u) be the first derivative of u**3 + u**2/2 + 2*u - 2. List the prime factors of m(-2).
2, 3
Suppose -2*k = 4*y - 5 - 15, 0 = -5*k + 5*y + 5. List the prime factors of (k/(-6))/((-9)/162).
2, 3
Let o be ((-72)/15)/(4/(-20)). Let q = o - 13. List the prime factors of q.
11
Let o be 66 + 1 - (-18)/(-9). Let z = o - 39. List the prime factors of z.
2, 13
Suppose -2*z + 305 = -153. What are the prime factors of z?
229
Let b = 25 - 48. Let h = 53 + b. Suppose 0 = -3*p - g + h, -2*p + 20 = -0*p + 4*g. What are the prime factors of p?
2, 5
List the prime factors of (0 - 6/15)/(1/(-160)).
2
Suppose d - z = -6*z + 15, -2*d + 24 = 4*z. List the prime factors of d.
2, 5
Let b(g) = -g**2 - g. Let i 